[INFO] cloning repository https://github.com/Philpax/shimmer
[INFO] running `Command { std: "git" "-c" "credential.helper=" "-c" "credential.helper=/workspace/cargo-home/bin/git-credential-null" "clone" "--bare" "https://github.com/Philpax/shimmer" "/workspace/cache/git-repos/https%3A%2F%2Fgithub.com%2FPhilpax%2Fshimmer", kill_on_drop: false }`
[INFO] [stderr] Cloning into bare repository '/workspace/cache/git-repos/https%3A%2F%2Fgithub.com%2FPhilpax%2Fshimmer'...
[INFO] running `Command { std: "git" "rev-parse" "HEAD", kill_on_drop: false }`
[INFO] [stdout] e3f6faa8241652756d2ebcff400ee0c18f6ce911
[INFO] checking Philpax/shimmer against master#af3c6e733a40e671550e0f0f5aeecaa13772ba56 for pr-74989
[INFO] running `Command { std: "git" "clone" "/workspace/cache/git-repos/https%3A%2F%2Fgithub.com%2FPhilpax%2Fshimmer" "/workspace/builds/worker-3/source", kill_on_drop: false }`
[INFO] [stderr] Cloning into '/workspace/builds/worker-3/source'...
[INFO] [stderr] done.
[INFO] validating manifest of git repo https://github.com/Philpax/shimmer on toolchain af3c6e733a40e671550e0f0f5aeecaa13772ba56
[INFO] running `Command { std: "/workspace/cargo-home/bin/cargo" "+af3c6e733a40e671550e0f0f5aeecaa13772ba56" "read-manifest" "--manifest-path" "Cargo.toml", kill_on_drop: false }`
[INFO] started tweaking git repo https://github.com/Philpax/shimmer
[INFO] finished tweaking git repo https://github.com/Philpax/shimmer
[INFO] tweaked toml for git repo https://github.com/Philpax/shimmer written to /workspace/builds/worker-3/source/Cargo.toml
[INFO] crate git repo https://github.com/Philpax/shimmer already has a lockfile, it will not be regenerated
[INFO] running `Command { std: "/workspace/cargo-home/bin/cargo" "+af3c6e733a40e671550e0f0f5aeecaa13772ba56" "fetch" "--locked" "--manifest-path" "Cargo.toml", kill_on_drop: false }`
[INFO] [stderr]     Blocking waiting for file lock on package cache
[INFO] [stderr] error: the lock file /workspace/builds/worker-3/source/Cargo.lock needs to be updated but --locked was passed to prevent this
[INFO] [stderr] If you want to try to generate the lock file without accessing the network, use the --offline flag.
[INFO] the lockfile is outdated, regenerating it
[INFO] running `Command { std: "/workspace/cargo-home/bin/cargo" "+af3c6e733a40e671550e0f0f5aeecaa13772ba56" "generate-lockfile" "--manifest-path" "Cargo.toml" "-Zno-index-update", kill_on_drop: false }`
[INFO] [stderr]     Blocking waiting for file lock on package cache
[INFO] running `Command { std: "/workspace/cargo-home/bin/cargo" "+af3c6e733a40e671550e0f0f5aeecaa13772ba56" "fetch" "--locked" "--manifest-path" "Cargo.toml", kill_on_drop: false }`
[INFO] [stderr]     Blocking waiting for file lock on package cache
[INFO] running `Command { std: "docker" "create" "-v" "/var/lib/crater-agent-workspace/builds/worker-3/target:/opt/rustwide/target:rw,Z" "-v" "/var/lib/crater-agent-workspace/builds/worker-3/source:/opt/rustwide/workdir:ro,Z" "-v" "/var/lib/crater-agent-workspace/cargo-home:/opt/rustwide/cargo-home:ro,Z" "-v" "/var/lib/crater-agent-workspace/rustup-home:/opt/rustwide/rustup-home:ro,Z" "-e" "SOURCE_DIR=/opt/rustwide/workdir" "-e" "CARGO_TARGET_DIR=/opt/rustwide/target" "-e" "CARGO_HOME=/opt/rustwide/cargo-home" "-e" "RUSTUP_HOME=/opt/rustwide/rustup-home" "-w" "/opt/rustwide/workdir" "-m" "1610612736" "--user" "0:0" "--network" "none" "rustops/crates-build-env@sha256:d92eaeed33fa75130ca1ee6c8a01d1ffb62bac859dfdfb3450e3e5d1c0146529" "/opt/rustwide/cargo-home/bin/cargo" "+af3c6e733a40e671550e0f0f5aeecaa13772ba56" "metadata" "--no-deps" "--format-version=1", kill_on_drop: false }`
[INFO] [stdout] 2bfe7a551985a4e46261726799e112dab2a91675db109f4bad2bad73bbd6028a
[INFO] [stderr] WARNING: Your kernel does not support swap limit capabilities or the cgroup is not mounted. Memory limited without swap.
[INFO] running `Command { std: "docker" "start" "-a" "2bfe7a551985a4e46261726799e112dab2a91675db109f4bad2bad73bbd6028a", kill_on_drop: false }`
[INFO] running `Command { std: "docker" "inspect" "2bfe7a551985a4e46261726799e112dab2a91675db109f4bad2bad73bbd6028a", kill_on_drop: false }`
[INFO] running `Command { std: "docker" "rm" "-f" "2bfe7a551985a4e46261726799e112dab2a91675db109f4bad2bad73bbd6028a", kill_on_drop: false }`
[INFO] [stdout] 2bfe7a551985a4e46261726799e112dab2a91675db109f4bad2bad73bbd6028a
[INFO] running `Command { std: "docker" "create" "-v" "/var/lib/crater-agent-workspace/builds/worker-3/target:/opt/rustwide/target:rw,Z" "-v" "/var/lib/crater-agent-workspace/builds/worker-3/source:/opt/rustwide/workdir:ro,Z" "-v" "/var/lib/crater-agent-workspace/cargo-home:/opt/rustwide/cargo-home:ro,Z" "-v" "/var/lib/crater-agent-workspace/rustup-home:/opt/rustwide/rustup-home:ro,Z" "-e" "SOURCE_DIR=/opt/rustwide/workdir" "-e" "CARGO_TARGET_DIR=/opt/rustwide/target" "-e" "CARGO_INCREMENTAL=0" "-e" "RUST_BACKTRACE=full" "-e" "RUSTFLAGS=--cap-lints=forbid" "-e" "CARGO_HOME=/opt/rustwide/cargo-home" "-e" "RUSTUP_HOME=/opt/rustwide/rustup-home" "-w" "/opt/rustwide/workdir" "-m" "1610612736" "--user" "0:0" "--network" "none" "rustops/crates-build-env@sha256:d92eaeed33fa75130ca1ee6c8a01d1ffb62bac859dfdfb3450e3e5d1c0146529" "/opt/rustwide/cargo-home/bin/cargo" "+af3c6e733a40e671550e0f0f5aeecaa13772ba56" "check" "--frozen" "--all" "--all-targets" "--message-format=json", kill_on_drop: false }`
[INFO] [stdout] 10bcd96bc5b7470a319b612cc84f669a105cdfafbf24d542f982257fb2966dab
[INFO] [stderr] WARNING: Your kernel does not support swap limit capabilities or the cgroup is not mounted. Memory limited without swap.
[INFO] running `Command { std: "docker" "start" "-a" "10bcd96bc5b7470a319b612cc84f669a105cdfafbf24d542f982257fb2966dab", kill_on_drop: false }`
[INFO] [stderr]     Blocking waiting for file lock on package cache
[INFO] [stderr]    Compiling autocfg v1.0.1
[INFO] [stderr]    Compiling libc v0.2.77
[INFO] [stderr]    Compiling log v0.4.11
[INFO] [stderr]     Checking cfg-if v0.1.10
[INFO] [stderr]    Compiling proc-macro2 v0.4.30
[INFO] [stderr]    Compiling unicode-xid v0.1.0
[INFO] [stderr]    Compiling bitflags v1.2.1
[INFO] [stderr]     Checking lazy_static v1.4.0
[INFO] [stderr]    Compiling libloading v0.6.3
[INFO] [stderr]    Compiling byteorder v1.3.4
[INFO] [stderr]     Checking rand_core v0.4.2
[INFO] [stderr]    Compiling autocfg v0.1.7
[INFO] [stderr]     Checking slab v0.4.2
[INFO] [stderr]    Compiling maybe-uninit v2.0.0
[INFO] [stderr]    Compiling pkg-config v0.3.18
[INFO] [stderr]     Checking rustc-serialize v0.3.24
[INFO] [stderr]    Compiling cc v1.0.59
[INFO] [stderr]     Checking xdg v2.2.0
[INFO] [stderr]     Checking scopeguard v1.1.0
[INFO] [stderr]     Checking percent-encoding v2.1.0
[INFO] [stderr]     Checking instant v0.1.6
[INFO] [stderr]     Checking gimli v0.22.0
[INFO] [stderr]     Checking adler v0.2.3
[INFO] [stderr]     Checking rustc-demangle v0.1.16
[INFO] [stderr]     Checking object v0.20.0
[INFO] [stderr]    Compiling cgmath v0.17.0
[INFO] [stderr]     Checking takeable-option v0.5.0
[INFO] [stderr]     Checking fnv v1.0.7
[INFO] [stderr]     Checking lock_api v0.3.4
[INFO] [stderr]     Checking rand_core v0.3.1
[INFO] [stderr]     Checking rand_jitter v0.1.4
[INFO] [stderr]     Checking rand_isaac v0.1.1
[INFO] [stderr]     Checking rand_xorshift v0.1.1
[INFO] [stderr]     Checking rand_hc v0.1.0
[INFO] [stderr]    Compiling rand_chacha v0.1.1
[INFO] [stderr]    Compiling rand_pcg v0.1.2
[INFO] [stderr]    Compiling rand v0.6.5
[INFO] [stderr]    Compiling num-traits v0.2.12
[INFO] [stderr]    Compiling num-integer v0.1.43
[INFO] [stderr]    Compiling num-iter v0.1.41
[INFO] [stderr]    Compiling miniz_oxide v0.4.2
[INFO] [stderr]    Compiling memoffset v0.5.5
[INFO] [stderr]    Compiling gl_generator v0.14.0
[INFO] [stderr]     Checking dlib v0.4.2
[INFO] [stderr]     Checking stb_truetype v0.3.1
[INFO] [stderr]     Checking wayland-sys v0.23.6
[INFO] [stderr]    Compiling quote v0.6.13
[INFO] [stderr]    Compiling x11-dl v2.18.5
[INFO] [stderr]     Checking net2 v0.2.35
[INFO] [stderr]     Checking iovec v0.1.4
[INFO] [stderr]     Checking nix v0.14.1
[INFO] [stderr]     Checking parking_lot_core v0.7.2
[INFO] [stderr]     Checking rand v0.4.6
[INFO] [stderr]     Checking memmap v0.7.0
[INFO] [stderr]     Checking shared_library v0.1.9
[INFO] [stderr]     Checking raw-window-handle v0.3.3
[INFO] [stderr]     Checking rand_os v0.1.3
[INFO] [stderr]    Compiling wayland-scanner v0.23.6
[INFO] [stderr]    Compiling libloading v0.5.2
[INFO] [stderr]     Checking parking_lot v0.10.2
[INFO] [stderr]     Checking mio v0.6.22
[INFO] [stderr]     Checking osmesa-sys v0.1.2
[INFO] [stderr]    Compiling glutin_egl_sys v0.1.5
[INFO] [stderr]    Compiling glutin_glx_sys v0.1.7
[INFO] [stderr]    Compiling glium v0.27.0
[INFO] [stderr]     Checking approx v0.3.2
[INFO] [stderr]     Checking ordered-float v1.1.0
[INFO] [stderr]     Checking line_drawing v0.7.0
[INFO] [stderr]     Checking num-complex v0.1.43
[INFO] [stderr]     Checking mio-extras v2.0.6
[INFO] [stderr]     Checking rusttype v0.8.3
[INFO] [stderr]     Checking num-bigint v0.1.44
[INFO] [stderr]     Checking rusttype v0.7.9
[INFO] [stderr]     Checking andrew v0.2.1
[INFO] [stderr]    Compiling wayland-client v0.23.6
[INFO] [stderr]    Compiling wayland-protocols v0.23.6
[INFO] [stderr]     Checking num-rational v0.1.42
[INFO] [stderr]     Checking addr2line v0.13.0
[INFO] [stderr]     Checking backtrace v0.3.50
[INFO] [stderr]     Checking num v0.1.42
[INFO] [stderr]     Checking stopwatch v0.0.7
[INFO] [stderr]     Checking calloop v0.4.4
[INFO] [stderr]     Checking wayland-commons v0.23.6
[INFO] [stderr]     Checking smithay-client-toolkit v0.6.6
[INFO] [stderr]     Checking winit v0.22.2
[INFO] [stderr]     Checking glutin v0.24.1
[INFO] [stderr]     Checking shimmer v0.1.0 (/opt/rustwide/workdir)
[INFO] [stdout] error[E0432]: unresolved import `glium::DisplayBuild`
[INFO] [stdout]   --> src/main.rs:98:17
[INFO] [stdout]    |
[INFO] [stdout] 98 |     use glium::{DisplayBuild, Surface};
[INFO] [stdout]    |                 ^^^^^^^^^^^^ no `DisplayBuild` in the root
[INFO] [stdout] 
[INFO] [stdout] 
[INFO] [stdout] error[E0433]: failed to resolve: could not find `glutin_backend` in `backend`
[INFO] [stdout]   --> src/main.rs:13:42
[INFO] [stdout]    |
[INFO] [stdout] 13 | fn get_texture(display: &glium::backend::glutin_backend::GlutinFacade) -> glium::texture::Texture2d {
[INFO] [stdout]    |                                          ^^^^^^^^^^^^^^ could not find `glutin_backend` in `backend`
[INFO] [stdout] 
[INFO] [stdout] 
[INFO] [stdout] error[E0432]: unresolved import `glium::DisplayBuild`
[INFO] [stdout]   --> src/main.rs:98:17
[INFO] [stdout]    |
[INFO] [stdout] 98 |     use glium::{DisplayBuild, Surface};
[INFO] [stdout]    |                 ^^^^^^^^^^^^ no `DisplayBuild` in the root
[INFO] [stdout] 
[INFO] [stdout] 
[INFO] [stdout] error[E0433]: failed to resolve: could not find `glutin_backend` in `backend`
[INFO] [stdout]   --> src/main.rs:13:42
[INFO] [stdout]    |
[INFO] [stdout] 13 | fn get_texture(display: &glium::backend::glutin_backend::GlutinFacade) -> glium::texture::Texture2d {
[INFO] [stdout]    |                                          ^^^^^^^^^^^^^^ could not find `glutin_backend` in `backend`
[INFO] [stdout] 
[INFO] [stdout] 
[INFO] [stdout] error[E0433]: failed to resolve: could not find `Event` in `glutin`
[INFO] [stdout]    --> src/main.rs:175:32
[INFO] [stdout]     |
[INFO] [stdout] 175 |                 glium::glutin::Event::Closed => return,
[INFO] [stdout]     |                                ^^^^^ could not find `Event` in `glutin`
[INFO] [stdout] 
[INFO] [stdout] 
[INFO] [stdout] error[E0425]: cannot find function `deg` in this scope
[INFO] [stdout]   --> src/main.rs:18:25
[INFO] [stdout]    |
[INFO] [stdout] 18 |     let fov = Rad::from(deg(54.0));
[INFO] [stdout]    |                         ^^^ help: a tuple struct with a similar name exists: `Deg`
[INFO] [stdout]    | 
[INFO] [stdout]   ::: /opt/rustwide/cargo-home/registry/src/github.com-1ecc6299db9ec823/cgmath-0.17.0/src/angle.rs:47:1
[INFO] [stdout]    |
[INFO] [stdout] 47 | pub struct Deg<S>(pub S);
[INFO] [stdout]    | ------------------------- similarly named tuple struct `Deg` defined here
[INFO] [stdout] 
[INFO] [stdout] 
[INFO] [stdout] error[E0425]: cannot find function `deg` in this scope
[INFO] [stdout]   --> src/main.rs:22:54
[INFO] [stdout]    |
[INFO] [stdout] 22 |     let line_base_dir = Basis3::from_euler(Rad::from(deg(30.0)), Rad::zero(), Rad::zero())
[INFO] [stdout]    |                                                      ^^^ help: a tuple struct with a similar name exists: `Deg`
[INFO] [stdout]    | 
[INFO] [stdout]   ::: /opt/rustwide/cargo-home/registry/src/github.com-1ecc6299db9ec823/cgmath-0.17.0/src/angle.rs:47:1
[INFO] [stdout]    |
[INFO] [stdout] 47 | pub struct Deg<S>(pub S);
[INFO] [stdout]    | ------------------------- similarly named tuple struct `Deg` defined here
[INFO] [stdout] 
[INFO] [stdout] 
[INFO] [stdout] error[E0433]: failed to resolve: could not find `WindowBuilder` in `glutin`
[INFO] [stdout]   --> src/main.rs:99:34
[INFO] [stdout]    |
[INFO] [stdout] 99 |     let display = glium::glutin::WindowBuilder::new()
[INFO] [stdout]    |                                  ^^^^^^^^^^^^^ not found in `glium::glutin`
[INFO] [stdout]    |
[INFO] [stdout] help: consider importing this struct
[INFO] [stdout]    |
[INFO] [stdout] 9  | use glium::glutin::window::WindowBuilder;
[INFO] [stdout]    |
[INFO] [stdout] 
[INFO] [stdout] 
[INFO] [stdout] error[E0433]: failed to resolve: could not find `Event` in `glutin`
[INFO] [stdout]    --> src/main.rs:175:32
[INFO] [stdout]     |
[INFO] [stdout] 175 |                 glium::glutin::Event::Closed => return,
[INFO] [stdout]     |                                ^^^^^ could not find `Event` in `glutin`
[INFO] [stdout] 
[INFO] [stdout] 
[INFO] [stdout] error[E0425]: cannot find function `deg` in this scope
[INFO] [stdout]   --> src/main.rs:18:25
[INFO] [stdout]    |
[INFO] [stdout] 18 |     let fov = Rad::from(deg(54.0));
[INFO] [stdout]    |                         ^^^ help: a tuple struct with a similar name exists: `Deg`
[INFO] [stdout]    | 
[INFO] [stdout]   ::: /opt/rustwide/cargo-home/registry/src/github.com-1ecc6299db9ec823/cgmath-0.17.0/src/angle.rs:47:1
[INFO] [stdout]    |
[INFO] [stdout] 47 | pub struct Deg<S>(pub S);
[INFO] [stdout]    | ------------------------- similarly named tuple struct `Deg` defined here
[INFO] [stdout] 
[INFO] [stdout] 
[INFO] [stdout] error[E0425]: cannot find function `deg` in this scope
[INFO] [stdout]   --> src/main.rs:22:54
[INFO] [stdout]    |
[INFO] [stdout] 22 |     let line_base_dir = Basis3::from_euler(Rad::from(deg(30.0)), Rad::zero(), Rad::zero())
[INFO] [stdout]    |                                                      ^^^ help: a tuple struct with a similar name exists: `Deg`
[INFO] [stdout]    | 
[INFO] [stdout]   ::: /opt/rustwide/cargo-home/registry/src/github.com-1ecc6299db9ec823/cgmath-0.17.0/src/angle.rs:47:1
[INFO] [stdout]    |
[INFO] [stdout] 47 | pub struct Deg<S>(pub S);
[INFO] [stdout]    | ------------------------- similarly named tuple struct `Deg` defined here
[INFO] [stdout] 
[INFO] [stdout] 
[INFO] [stdout] error[E0433]: failed to resolve: could not find `WindowBuilder` in `glutin`
[INFO] [stdout]   --> src/main.rs:99:34
[INFO] [stdout]    |
[INFO] [stdout] 99 |     let display = glium::glutin::WindowBuilder::new()
[INFO] [stdout]    |                                  ^^^^^^^^^^^^^ not found in `glium::glutin`
[INFO] [stdout]    |
[INFO] [stdout] help: consider importing this struct
[INFO] [stdout]    |
[INFO] [stdout] 9  | use glium::glutin::window::WindowBuilder;
[INFO] [stdout]    |
[INFO] [stdout] 
[INFO] [stdout] 
[INFO] [stdout] error[E0599]: no function or associated item named `from_euler` found for struct `cgmath::Basis3<_>` in the current scope
[INFO] [stdout]   --> src/main.rs:22:33
[INFO] [stdout]    |
[INFO] [stdout] 22 |     let line_base_dir = Basis3::from_euler(Rad::from(deg(30.0)), Rad::zero(), Rad::zero())
[INFO] [stdout]    |                                 ^^^^^^^^^^ function or associated item not found in `cgmath::Basis3<_>`
[INFO] [stdout] 
[INFO] [stdout] 
[INFO] [stdout] error[E0599]: no function or associated item named `from_euler` found for struct `cgmath::Basis3<_>` in the current scope
[INFO] [stdout]   --> src/main.rs:54:36
[INFO] [stdout]    |
[INFO] [stdout] 54 |             let line_dir = Basis3::from_euler(-y_angle, x_angle, Rad::zero())
[INFO] [stdout]    |                                    ^^^^^^^^^^ function or associated item not found in `cgmath::Basis3<_>`
[INFO] [stdout] 
[INFO] [stdout] 
[INFO] [stdout] error[E0599]: no function or associated item named `from_euler` found for struct `cgmath::Basis3<_>` in the current scope
[INFO] [stdout]   --> src/main.rs:22:33
[INFO] [stdout]    |
[INFO] [stdout] 22 |     let line_base_dir = Basis3::from_euler(Rad::from(deg(30.0)), Rad::zero(), Rad::zero())
[INFO] [stdout]    |                                 ^^^^^^^^^^ function or associated item not found in `cgmath::Basis3<_>`
[INFO] [stdout] 
[INFO] [stdout] 
[INFO] [stdout] error[E0599]: no function or associated item named `from_euler` found for struct `cgmath::Basis3<_>` in the current scope
[INFO] [stdout]   --> src/main.rs:54:36
[INFO] [stdout]    |
[INFO] [stdout] 54 |             let line_dir = Basis3::from_euler(-y_angle, x_angle, Rad::zero())
[INFO] [stdout]    |                                    ^^^^^^^^^^ function or associated item not found in `cgmath::Basis3<_>`
[INFO] [stdout] 
[INFO] [stdout] 
[INFO] [stdout] error[E0277]: the trait bound `Colour: ToClientFormat` is not satisfied
[INFO] [stdout]   --> src/main.rs:93:59
[INFO] [stdout]    |
[INFO] [stdout] 93 |     let image = glium::texture::RawImage2d::from_raw_rgba(pixels, size);
[INFO] [stdout]    |                                                           ^^^^^^ the trait `ToClientFormat` is not implemented for `Colour`
[INFO] [stdout]    |
[INFO] [stdout]    = note: required by `RawImage2d::<'a, T>::from_raw_rgba`
[INFO] [stdout] 
[INFO] [stdout] 
[INFO] [stdout] error[E0277]: the trait bound `Colour: ToClientFormat` is not satisfied
[INFO] [stdout]   --> src/main.rs:93:59
[INFO] [stdout]    |
[INFO] [stdout] 93 |     let image = glium::texture::RawImage2d::from_raw_rgba(pixels, size);
[INFO] [stdout]    |                                                           ^^^^^^ the trait `ToClientFormat` is not implemented for `Colour`
[INFO] [stdout]    |
[INFO] [stdout]    = note: required by `RawImage2d::<'a, T>::from_raw_rgba`
[INFO] [stdout] 
[INFO] [stdout] 
[INFO] [stdout] warning: unused import: `Surface`
[INFO] [stdout]   --> src/main.rs:98:31
[INFO] [stdout]    |
[INFO] [stdout] 98 |     use glium::{DisplayBuild, Surface};
[INFO] [stdout]    |                               ^^^^^^^
[INFO] [stdout]    |
[INFO] [stdout]    = note: `#[warn(unused_imports)]` on by default
[INFO] [stdout] 
[INFO] [stdout] 
[INFO] [stdout] error: aborting due to 9 previous errors; 1 warning emitted
[INFO] [stdout] 
[INFO] [stdout] 
[INFO] [stdout] Some errors have detailed explanations: E0277, E0425, E0432, E0433, E0599.
[INFO] [stdout] 
[INFO] [stdout] For more information about an error, try `rustc --explain E0277`.
[INFO] [stdout] 
[INFO] [stdout] warning: unused import: `Surface`
[INFO] [stdout]   --> src/main.rs:98:31
[INFO] [stdout]    |
[INFO] [stdout] 98 |     use glium::{DisplayBuild, Surface};
[INFO] [stdout]    |                               ^^^^^^^
[INFO] [stdout]    |
[INFO] [stdout]    = note: `#[warn(unused_imports)]` on by default
[INFO] [stdout] 
[INFO] [stdout] 
[INFO] [stdout] error: aborting due to 9 previous errors; 1 warning emitted
[INFO] [stdout] 
[INFO] [stdout] 
[INFO] [stdout] Some errors have detailed explanations: E0277, E0425, E0432, E0433, E0599.
[INFO] [stdout] 
[INFO] [stdout] For more information about an error, try `rustc --explain E0277`.
[INFO] [stdout] 
[INFO] [stderr] error: could not compile `shimmer`.
[INFO] [stderr] 
[INFO] [stderr] To learn more, run the command again with --verbose.
[INFO] [stderr] warning: build failed, waiting for other jobs to finish...
[INFO] [stderr] error: build failed
[INFO] running `Command { std: "docker" "inspect" "10bcd96bc5b7470a319b612cc84f669a105cdfafbf24d542f982257fb2966dab", kill_on_drop: false }`
[INFO] running `Command { std: "docker" "rm" "-f" "10bcd96bc5b7470a319b612cc84f669a105cdfafbf24d542f982257fb2966dab", kill_on_drop: false }`
[INFO] [stdout] 10bcd96bc5b7470a319b612cc84f669a105cdfafbf24d542f982257fb2966dab
